?
2, 3, 7
Suppose 0 = 3*m - 16 - 2. Let d(w) = 7*w - 9. List the prime factors of d(m).
3, 11
Let j be (15/9)/(2/6). Suppose 2*n = j + 9. List the prime factors of n.
7
Let n = -101 - -185. What are the prime factors of n?
2, 3, 7
Let o(g) = g**2 + g + 1. Let d be o(-2). Suppose -4*i = 2*j - j - 61, -i = d*j - 29. What are the prime factors of i?
2, 7
Suppose p - 6*p = 0. Let v(w) = 0 - 5*w - 3 - 5*w + p*w. List the prime factors of v(-2).
17
Suppose 2*r - 410 = 5*f, 4*r + 5*f - 3*f - 772 = 0. List the prime factors of r.
3, 5, 13
What are the prime factors of ((-1)/2)/(6/(-2748))?
229
Suppose 0*p - 4 = p. Let h(u) = 0*u - u + 1 - 2. What are the prime factors of h(p)?
3
Let b be (-18)/(-8) + 1/(-4). What are the prime factors of b/(2 - 1) - -14?
2
Suppose -753 = -2*s + 5*c, 0 = 3*s + 8*c - 3*c - 1067. What are the prime factors of s?
2, 7, 13
Suppose 4*u + 0*w + 2*w - 14 = 0, -u = -w - 5. Suppose -4*l + 8 = 0, -3*l + 4*l + 18 = r. Suppose u = -4*m + r. List the prime factors of m.
2
Suppose 13 = 4*o + 1. Suppose w + 19 = m, -o*w - 67 = w + 5*m. Let t = -12 - w. What are the prime factors of t?
2, 3
Let r(o) = o**3 + 7*o**2 + 4*o. Let w be r(-6). Let h be -12*(-1 + 3/w). Let m = -2 + h. List the prime factors of m.
7
Let k(a) = 3*a**2 - a + 1. Let m be k(1). What are the prime factors of m/(-2)*96/(-9)?
2
Let n = -35 - -64. What are the prime factors of n?
29
Suppose a - 2*n - 8 = 8, -5*a = 5*n - 5. Suppose a = 4*x - x. Suppose x*w - 3*v = 4*w - 7, 0 = -4*v + 4. List the prime factors of w.
2
Let d be -16 - (4 - (5 + -3)). Let y = d - -13. Let r = y - -19. What are the prime factors of r?
2, 7
Suppose -51 = 3*l - 6*l. Suppose 3*z - l = 10. What are the prime factors of z?
3
Suppose -g - 32 = 20. Let r = -36 - g. List the prime factors of r.
2
What are the prime factors of 3*(-16)/12 + 8?
2
Let h = 51 + -108. Let c be (2 - (0 - 0))*1. What are the prime factors of c*(-1 + h/(-6))?
17
Let g = -2 + 4. Suppose -2 = 2*k + 4*d, -5*k + 2*d + 37 = -g*d. List the prime factors of k.
5
What are the prime factors of (-62 + 1/(-1))*(3 + -4)?
3, 7
Suppose -4*a - 98 = -5*u - 33, 3*a + 51 = 4*u. Let m = 9 - u. Suppose -q = -m*q - 14. What are the prime factors of q?
2, 7
Let r(y) be the first derivative of -y**4/4 + 7*y**3/3 - 2*y**2 - 8*y + 2. Let d be r(6). What are the prime factors of d/6 - (-10)/3?
2
Let f be 2/(-8) + (-9)/(-4). List the prime factors of -6 + f - (-40)/1.
2, 3
Let m = 17 - 28. Let z = -4 - m. List the prime factors of z.
7
Suppose w = 5*b - 7, 4*b - 1 = 3*w + 9. Let r be (-1)/w*-11*-6. Suppose 5*m - r = -a - 0*a, -4*m = -3*a + 4. What are the prime factors of a?
2
Suppose 7*w - 2*r - 924 = 3*w, -w + 222 = 4*r. List the prime factors of w.
2, 5, 23
Let m(u) = 25*u**2 - 2*u + 2. Let k be m(2). Suppose -2 = -10*i + 9*i. Suppose -k = -5*x + i. List the prime factors of x.
2, 5
Let f(y) = y**2 + 3*y + 3. Let v be f(-3). Let i be v/(-3) + -1 + -12. What are the prime factors of 66/14 + (-4)/i?
5
Let i(y) = -31*y + 2. What are the prime factors of i(-2)?
2
Suppose 0*b - 4*b + 112 = 0. Suppose -5*m + 0*l + 20 = 5*l, -b = -2*m + 3*l. List the prime factors of m.
2
Let c(h) = -h**2 + h + 4. Let s be c(-3). Let n be -3 + (-1)/(-1) - s. Suppose -4 = -2*p + n. List the prime factors of p.
5
Let v be 38/14 + 4/14. What are the prime factors of (-6)/45*v*-5?
2
Let g be ((-2)/3)/((-2)/6). Suppose m = -g + 6. Suppose -m = 5*j - 29. What are the prime factors of j?
5
Suppose 14 = 4*p + 2*n, n = 6 - 3. Suppose -2*t = 5*r - 95, -p*r + 5*t = -18 - 20. List the prime factors of r.
19
Suppose -j + 6 = j. Let q be (-6)/5*(-10)/3. Suppose 8 = 4*w + q*g, j*w + 0 - 1 = -4*g. What are the prime factors of w?
7
Suppose -4*i + 5*i - 80 = 0. What are the prime factors of i?
2, 5
Let v = -54 + 96. What are the prime factors of (-302)/(-14) - 24/v?
3, 7
Suppose 0*h - 350 = -5*h + 2*l, l = -5*h + 335. Suppose -c + h = 11. List the prime factors of c.
3, 19
Let t be 1 - (-2 - 1)/1. List the prime factors of (2 + -14)/(t/(-10)).
2, 3, 5
List the prime factors of 69 - 1 - (7 + -8).
3, 23
Let a = 6 + -4. Suppose -a = u - 15. Let s = u + -6. List the prime factors of s.
7
Suppose 9*q - 282 = 24. What are the prime factors of q?
2, 17
Let u(s) = 2*s**3 + 2*s**2 - s. Let k be u(1). Let y(g) = g + 3. What are the prime factors of y(k)?
2, 3
Let p = 82 - -40. What are the prime factors of p?
2, 61
Let i = 162 + -66. List the prime factors of i.
2, 3
Let g(p) = -p - 2. Let q be g(-4). Let d = -2 - q. Let h = 7 + d. What are the prime factors of h?
3
Suppose -2*k - 3*k + 90 = 0. What are the prime factors of k?
2, 3
Suppose 0 = 3*l + 16 - 46. Let p(c) = -2*c - l + c - c. What are the prime factors of p(-10)?
2, 5
Let m(a) = a**3 + a**2 + a + 36. Let g be m(0). Suppose -4*c = -7*c + g. List the prime factors of c.
2, 3
Suppose 0*k + 192 = 4*k. List the prime factors of k.
2, 3
Let q(p) = -p. Let i be q(-5). Let r be (-6)/15 - (-2)/i. Suppose r = l - 4*g - 6, -3*l + 14 = -4*g - 12. List the prime factors of l.
2, 5
Let x = 631 - 295. What are the prime factors of x?
2, 3, 7
Suppose -12 = 4*h, 5*k + h = 2112 - 755. What are the prime factors of k?
2, 17
Let l(h) = h**2 + h + 9. What are the prime factors of l(7)?
5, 13
Let c = 39 - 20. What are the prime factors of c?
19
Suppose 4 = -3*b + 364. List the prime factors of b.
2, 3, 5
Let w be 119/(-21) - (-2)/3. Let m = w + 11. List the prime factors of m.
2, 3
Suppose 0 = 3*b - 13*b + 2700. What are the prime factors of b?
2, 3, 5
Let c(j) = -j**3 + j**2. Let w(f) = -6*f**2 + 4*f - 2. Let b(n) = -4*c(n) - w(n). List the prime factors of b(2).
2, 17
Let y be 0 - (0 - -1)*-6. Suppose y*m - 5*m = 35. List the prime factors of m.
5, 7
Suppose 6*y + v - 7 = 2*y, 3*v + 9 = 3*y. Let a be -4*((-15)/4)/3. Suppose 0*r - 3*l = a*r - 63, -y*r - 5*l + 29 = 0. List the prime factors of r.
2, 3
Suppose -5*u + 5 = -0. Suppose a + u - 5 = 0. Suppose a*i = 2*i + 6. What are the prime factors of i?
3
Suppose -5*v = -2*v. Suppose v = f + 4*f - 55. List the prime factors of f.
11
Suppose 5*b - 242 = 3*r + 618, 0 = 4*r. What are the prime factors of b?
2, 43
Suppose -3*g - 3 = -p, -2*g = g - 6. Let h be (-249)/(-27) + (-2)/p. Suppose -n + 2*j = -h, 5*j + 3 + 0 = -4*n. List the prime factors of n.
3
Suppose -a - k = -2*a + 46, -2*k + 108 = 2*a. Suppose -a - 10 = -4*p. Suppose 13 + p = 2*u. What are the prime factors of u?
2, 7
Suppose 0 = 4*p - u + 3*u, 2*u = 0. Suppose -h - 3 = -2*f, -4*h - 3*f + p*f - 23 = 0. What are the prime factors of -1 + 2 + 1 - h?
7
Let p(r) = r**2 - r + 2. Let n be p(0). Suppose 5*g - 11 = n*y + 34, 0 = 4*g - 2*y - 38. List the prime factors of g.
7
Suppose -t - 1 = -k, -2*t - 2*t = 3*k - 10. Let y(s) = -s**2 - 7*s + 6. Let v be y(-6). Suppose -k = x - 3*z, 0*z = 4*z - v. What are the prime factors of x?
7
Let y(x) = 2*x**2 - 7*x + 6. Let l be y(6). Suppose 3*v - 7*v = -l. List the prime factors of v.
3
Suppose -5*i + 0 = -5. What are the prime factors of 7/i - 0/(-2)?
7
Let j(n) = n**2 + 7*n + 6. Let b be j(-6). Let g be (-12)/2*(-2 + b). Let f = -7 + g. List the prime factors of f.
5
Let i(o) = -8 - 5*o + 2 + o. Let j be i(-4). Let k = j + -6. What are the prime factors of k?
2
Let u = -23 + 35. What are the prime factors of u?
2, 3
Let b(l) = -l - 1. Let o be b(-3). Suppose -g - w = -o, -5*g + 16 = -2*w + 4*w. Suppose -2*x + 12 = g. What are the prime factors of x?
2
Let i(b) = b**3 - 7*b**2 - 5*b + 17. What are the prime factors of i(8)?
41
Let c = 420 - 243. List the prime factors of c.
3, 59
Let h(o) = o**3 + o**2 + o + 5. Let z be 1 - 2 - (-10)/2. Suppose -2*b = -z*l - 0*b + 8, 0 = l + 5*b + 20. What are the prime factors of h(l)?
5
Suppose -b = -7 - 5. Let j(h) = h**2 - 6*h - 5. Let x be j(7). Suppose b = -a + x*a. List the prime factors of a.
2, 3
Let p(h) = h**2 - h + 72. What are the prime factors of p(0)?
2, 3
Suppose 0 = 3*y + y + 64. Let q = -7 + y. List the prime factors of q/(-3) + 4/(-6).
7
Suppose -4*y = -1 - 11. Suppose 0 = 2*z + y*z - 25. List the prime factors of z.
5
Let i = 105 + 42. List the prime factors of i.
3, 7
Suppose -443 = -3*q + 2*b, 3*b - 425 = -2*q - 108. What are the prime factors of q?
151
Suppose -f + 7*f - 1908 = 0. List the prime factors of f.
2, 3, 53
Let m(u) = 0*u**2 - 8*u + 2*u**2 + 